*2 + 11*h + 5. Let t be w(-9). Let y = t + 20. What are the prime factors of y?
7
List the prime factors of (-8)/(-2) + -11 + 174.
167
Let b be (-7)/(-14)*1*4. Suppose -b*i = -6*i - 3*q + 72, 0 = -2*i - 2*q + 34. List the prime factors of i.
3, 7
Let q(u) = -7 - 2*u + 3 - 2 + 4*u. Let s be q(4). What are the prime factors of -3*s*3/(-6)?
3
Suppose -3*i = 8 - 2, -4*i = -3*p + 32. Suppose -p + 2 = -u. What are the prime factors of u?
2, 3
Suppose 4 + 8 = 4*s, -3*s - 103 = -4*d. List the prime factors of d.
2, 7
Suppose -f + 0 + 2 = 4*a, -5*a + 10 = 5*f. What are the prime factors of -2 + 1 + f - -9?
2, 5
Suppose -3*k = -3 - 3. Suppose -3*m + 4*b + 61 = 0, -7*m + 83 = -k*m - 2*b. What are the prime factors of m?
3, 5
Let y be (2 - 1)/(2/(-28)). List the prime factors of ((-96)/(-56))/((-2)/y).
2, 3
Let w = 60 + -30. List the prime factors of w.
2, 3, 5
Let j = 40 - 16. List the prime factors of j.
2, 3
Suppose 20 = -3*u + 5. Let c(l) = -l**3 - 3*l**2 + 7*l + 2. What are the prime factors of c(u)?
17
Let b(c) = -6*c**2 - 11*c + 3. Let f(h) = 4*h**2 + 7*h - 2. Let q(z) = -5*b(z) - 7*f(z). What are the prime factors of q(-5)?
19
Let b be 520/(-90) - 2/9. Let z = 10 + b. What are the prime factors of z?
2
Suppose -t = -4*a - 16, -a - 21 = -5*t + 78. Suppose 0 = -4*f - 4*q + 56, t = 4*f - 4*q - 4. List the prime factors of f.
2, 5
Suppose 47*j - 50*j = -204. What are the prime factors of j?
2, 17
Let d be (-112)/(-6)*(-6)/4. Let r be (d/8)/((-1)/6). Suppose w - 4*w = -r. List the prime factors of w.
7
Let y be 4*(0 + (-1)/2). Let m be 1 - 3*(y - -1). Suppose m = 5*r - 36. List the prime factors of r.
2
Let b = 229 + -133. What are the prime factors of b?
2, 3
Let a = 73 - 40. List the prime factors of a.
3, 11
Suppose -5*f - 33 = -10*f + 2*k, 2*k + 8 = 0. Suppose -f*z = -z - 40. Let o(w) = w + 1. List the prime factors of o(z).
11
Let z(f) = f**2 + f - 2. Let t be z(2). Suppose -3*c + m = -t, -2*c + 3*c - m = -2. Suppose -o + 17 = -3*u + c, 3*o - 3*u = 24. List the prime factors of o.
5
Let s(h) = -3*h + 17. Let u be s(8). Let x(q) = -q**3 - 5*q**2 + 7*q - 8. List the prime factors of x(u).
41
Let s = 196 - 52. What are the prime factors of s?
2, 3
List the prime factors of (-164)/(-3) + 2*(-7)/(-42).
5, 11
Suppose -4*n + 7*n = 12. Suppose 89 = -0*k + 5*k + n*g, -5*k + 113 = -2*g. List the prime factors of k.
3, 7
Let w be ((-21)/2)/(1/(-2)). Suppose -w = -5*m + 59. Let z = m - 6. What are the prime factors of z?
2, 5
Suppose -6*r = 4*z - 2*r - 44, 0 = 3*z - 3*r - 39. What are the prime factors of z?
2, 3
Let f(r) be the first derivative of -r**2 + 8*r - 6. List the prime factors of f(-10).
2, 7
Suppose -3*i = -m - i + 12, -3*m + 3*i + 21 = 0. List the prime factors of -4*(m + (-19)/4).
11
Suppose 0 = -r + 4*i - 15, 6*i - 11 = r + 3*i. Suppose 3 = 2*w - r, -2*u + 16 = 4*w. List the prime factors of u.
2
Suppose 2*p = p + 3. Suppose -8 + 2 = -a + 2*o, 3*a + 27 = -p*o. Let c(m) = m**2 + 5*m + 6. What are the prime factors of c(a)?
2
Suppose -2*n - 2 + 371 = 5*l, n - 167 = l. List the prime factors of n.
2, 43
Suppose -6 = -y - 2*y. Suppose 2*o - 11 = -b, -3*o + 2*b - 2 = -1. Suppose -o*v + y*v = -9. What are the prime factors of v?
3
Suppose 4*l - 12 = l. Let c(t) = t**2 - 9*t. Let z be c(9). Suppose l*i + 3 - 43 = z. What are the prime factors of i?
2, 5
Let m(l) = -l**3 + 2*l - 4. What are the prime factors of m(-3)?
17
Let w(d) be the first derivative of d**3/3 + d**2 - 6*d - 1. Let y be 4/(-18) + 1*(-172)/36. List the prime factors of w(y).
3
Let g(k) = -k**3 - 18*k**2 + 16*k + 3. What are the prime factors of g(-19)?
2, 3, 5
Let q be ((-26)/4)/((-1)/2). What are the prime factors of q*1 + (-6 - -7)?
2, 7
Let j be 1 - 4/(6/(-3)). Suppose o + 1 = j. Suppose -d - o*w = -1 - 4, 5*d - 13 = 2*w. What are the prime factors of d?
3
Let h(d) = -5*d**2 + 3*d - 1. Let w(c) = -6*c**2 + 3*c - 2. Let g(o) = 7*h(o) - 6*w(o). Suppose -5*s - 14 = 6. What are the prime factors of g(s)?
3
Suppose -6*p + 8 = -2*p. Suppose -2*o = 2*f - 26, -p*o - 4*f + f + 30 = 0. List the prime factors of ((-6)/o)/((-1)/18).
2, 3
Suppose 2*n - n = -50. Let g = n - -102. List the prime factors of g.
2, 13
Suppose 485 = 5*k - 0*k + 5*b, 3*k = 5*b + 259. List the prime factors of k.
3, 31
Suppose 2*h + 185 = 7*h. Let v be 1/(26/(-25) + 1). Let q = v + h. List the prime factors of q.
2, 3
Let a(u) = -u**2 - 6*u + 2. Let m be a(-6). Let y = 6 - m. What are the prime factors of y?
2
Let q be 4/14 - (-110)/7. Suppose 2*b + 2*b - q = 0. List the prime factors of (b/(-3))/(2/(-18)).
2, 3
Suppose -5*h - 10 = 5*y, 2*h + 2*y + 12 = -2*y. Suppose -7*j + h*j = -5. Suppose -5*c + 2*q = -31, -2*c + 2*q = -17 + j. List the prime factors of c.
5
Let v(f) = -64*f**3 - 2*f**2 + f. Let c be v(1). Let r = c + 91. List the prime factors of r.
2, 13
Let s(l) = -l**2 + 8*l + 7. Let p be s(8). Suppose 3*k - p - 8 = 0. Suppose 2*g = -1 + k. What are the prime factors of g?
2
Suppose -27 = -5*i - 2. Suppose i*v - 3*v - 48 = -5*m, -m = 3*v - 85. What are the prime factors of v?
29
Suppose -3*o + 704 = o. List the prime factors of o.
2, 11
Let r be (0 + -7)*12/(-42). Let p(i) = 7*i - 2. List the prime factors of p(r).
2, 3
Suppose 0 = -l + 3*u + u - 6, 4*u = 3*l - 6. List the prime factors of (-3)/1*(-20)/l.
2, 5
Let g = 17 - 12. Suppose n + g = 0, -5*y - 5 = 3*n - 0. Suppose -6 - y = -d. What are the prime factors of d?
2
Let y = -9 - -5. Let z be 35/45 + y/(-18). Suppose 0 = -5*i + 26 - z. What are the prime factors of i?
5
Let m be ((-4)/10)/(1/(-10)). Suppose 165 = 4*y + 5*q, -m*y - 3*q + 4*q = -135. List the prime factors of y.
5, 7
Let h be 1*6/15*5. Suppose 0 = 2*d - 5*a - 33, -h*d - a + 3 + 0 = 0. What are the prime factors of d?
2
Suppose -5 = h - 0*h. Let u = h - -9. Suppose 0 = -u*x + 2*x + 24. List the prime factors of x.
2, 3
What are the prime factors of (0 + -1)*(-10 - 66)?
2, 19
Let a(z) be the first derivative of -9*z**4/2 - z**3/3 + 1. List the prime factors of a(-1).
17
Suppose -o + 22 = 2*n, n + o - 3*o = 11. Let s = n - 4. What are the prime factors of s?
7
Suppose 0 = 2*k - 8, 3*h - k - 19 = 85. Suppose 4*j + 3*t - 89 = 0, 3*j + t = h + 27. What are the prime factors of j?
2, 5
Let z be (-1)/((-96)/(-93) - 1). Let b = z + 46. List the prime factors of b.
3, 5
Suppose 0*f + 5*f - 25 = 0. Let u be 55/f - (-1 + -1). Suppose -g = -s - u, g - 36 = -g + 4*s. List the prime factors of g.
2
Let p = -25 + 18. Let u be -1 - 2 - (6 + p). List the prime factors of 19 - (u/(-2) + -3).
3, 7
Suppose -2*u - 2*u + 2*o + 72 = 0, -o = -4. What are the prime factors of u?
2, 5
Suppose 3*g + 2*g = 1160. What are the prime factors of g?
2, 29
What are the prime factors of 36/((-3)/2*4/(-6))?
2, 3
Suppose -2*t - 3*c + 9 = -2, -4*t - c = -17. Let n = 7 - t. Suppose -a + 3 = -n. List the prime factors of a.
2, 3
Let q = -26 - -41. Suppose u - 5 = 0, 4*b = -5*u + 2 + q. List the prime factors of (-1)/(1*b/10).
5
Let b be (-36)/(-5) - (-17)/(-85). Let s(l) be the second derivative of -l**4/12 + 11*l**3/6 - 4*l**2 - l. What are the prime factors of s(b)?
2, 5
Let p = -46 + 109. Suppose -4*w - 3*r = -67, 3*w - 7*w = -r - p. List the prime factors of w.
2
Let f(t) = -t**2 - 13*t - 7. Let w be f(-12). Suppose 0*g = w*g. Suppose -4*o + g*o + 12 = 0. What are the prime factors of o?
3
Let k(l) = l**3 - 3*l**2 + 3. Let v be k(3). Suppose -4*c + 25 = c. Let s = c - v. List the prime factors of s.
2
Suppose -5*w + 17 = 3*b - 0, 4*w = -5*b + 11. Suppose -l - 5*x + 40 = 0, -75 = -w*l + 3*x + 131. What are the prime factors of l?
2, 5
Suppose 3*l + u - 14 + 7 = 0, 0 = -4*l + 4*u + 20. Let g be l/(-3)*0 + 27. Suppose -g = -3*q - 5*a, -2*q + 0*q - a = -11. List the prime factors of q.
2
Let m(n) be the third derivative of -n**5/60 - 3*n**4/8 - 3*n**3/2 - 3*n**2. Suppose -2*y - 40 = 5*t, -y = 3*t - 3*y + 8. List the prime factors of m(t).
3
Let u(s) = 6*s**2 - s. Let z be u(1). Suppose -23 = -2*l - z*y, -3 + 1 = 2*y. Let b = l - 6. List the prime factors of b.
2
Suppose 0*f - 3*h + 15 = -2*f, -3*h = -5*f - 15. Suppose f*y + 54 = 2*y. Suppose -y = -c - 5*b, b - 9 = -2*b. List the prime factors of c.
2, 3
Suppose 0 = -w + 5 + 10. List the prime factors of w.
3, 5
Suppose -48 = -2*t + 4*k, -2*k - 15 = -7*k. Suppose -2*a = 2*x + a -